21 + (-1)/(2/(-6)*-3). Suppose -4*g + 4*b + c = -0*b, g - 5 = 2*b. Calculate the greatest common divisor of 2 and g.
1
Let w(z) = z**2 + 3*z + 9. Let d be w(-6). Suppose 0 = -2*s - s + d. Let o be (45/(-6))/(s/(-12)). What is the highest common factor of 10 and o?
10
Let k be (-6 - -1 - (3 - 4)) + 7. What is the highest common divisor of k and 12?
3
Let w(g) = -g**2 - 9*g + 27. Let q be w(-11). Let n(j) = j**3 + 6*j**2 - 4*j + 9. Let z be n(q). Calculate the greatest common divisor of z and 24.
24
Suppose -74*j = -7*j - 737. Let g = -3 - -6. Suppose -g*o + m + 42 = o, o - 13 = -m. Calculate the highest common factor of j and o.
11
Let m(n) = -30*n + 12*n - 3 + 15*n. Let k be m(-2). Let q(b) = -b**3 - 3*b**2 + 5*b - 1. Let j be q(-5). Calculate the highest common factor of k and j.
3
Let m(f) = -53*f + 1. Suppose z + 2 = 0, j - 15 = 6*j + 5*z. Let q be m(j). Let y = 2804 - 2768. Calculate the highest common divisor of y and q.
18
Let n be (-8 - -4)*(3 + -1). Let g be (0 - 3)*n/((-8)/(-3)). What is the greatest common divisor of 9 and g?
9
Let w be 34/119 + 66/14. Suppose 0 = -2*p + w*p - 270. Calculate the greatest common divisor of p and 10.
10
Suppose -4 = -p - 1. Suppose 8 = m + p*m. Suppose m*d - 54 = -2*j - 2*j, 0 = -3*d - 15. What is the highest common divisor of j and 176?
16
Suppose -5*c - 381 + 36 = -4*a, -4*a + 325 = -c. What is the greatest common factor of a and 840?
40
Suppose -2*g - a - 1510 = 0, -2*g + a + a = 1498. Let z be g/(-15) - (-2)/(-10). Calculate the greatest common divisor of 10 and z.
10
Let p = 13 + 5. Let x be 4/p + (-7)/(-9). Suppose 0 = o + x - 6. What is the greatest common divisor of o and 15?
5
Let p be (34/(-102))/((-200)/198 - -1). What is the greatest common factor of p and 77?
11
Let b = 2 + -25. Let r = -19 - b. Suppose -3 = -r*o + 41. What is the greatest common factor of o and 1?
1
Suppose 4*v - 20 - 888 = -2*n, 4*v + 940 = 2*n. What is the highest common factor of 84 and n?
42
Suppose -5*p + 140 = -0*p. Let l be 418/7 - ((-92)/p + 3). Calculate the greatest common divisor of l and 24.
12
Let r be (3 + -3 + 0)/(-2). Let t(q) = q**2 + q - 1. Let p be t(r). Let g be p/(-7) - 750/(-42). Calculate the highest common divisor of g and 27.
9
Let y(v) = 7*v**2 - 35*v. Let u(t) = 13*t**2 - 69*t + 1. Let r(q) = -6*u(q) + 11*y(q). Let w be r(12). Calculate the greatest common divisor of w and 22.
22
Let j(b) = -b**3 - 15*b**2 + 127*b + 2. Let o be j(6). Calculate the greatest common divisor of o and 168.
8
Suppose -5*i + 2 = 167. Let u be (-3)/(-6 - -3) - i. Let c = u + -24. Calculate the highest common divisor of c and 40.
10
Let j(k) = -2*k - 8. Let z(l) = l**2 + 15*l + 18. Let n be z(-13). Let v be j(n). What is the greatest common divisor of 8 and v?
8
Let m = 859 + -787. What is the greatest common divisor of m and 20?
4
Let c = -82 + 274. Suppose 0 = -3*g + 7*g - c. Calculate the greatest common divisor of 12 and g.
12
Suppose -3*r = 4*b - 127, 3*b + 11 + 4 = 0. Let t be -1 + (-12)/(-16) - (-87)/12. Calculate the greatest common factor of r and t.
7
Let v(b) = 14*b - 59. Let f be v(5). Suppose 0 = y + 4*r - 23, 2*r + 2 = y - r. What is the highest common divisor of y and f?
11
Suppose 3*x + 0 = 24. Let g(d) = -5*d - 49. Suppose 0*c = c + 2, -5*z = -5*c + 95. Let k be g(z). What is the highest common divisor of x and k?
8
Suppose 0 = a - 41 - 36. Let m be -7 + 8 + -3 + a. Calculate the greatest common factor of m and 15.
15
Let i(a) = 21*a**3 + 2*a + 3. Let n be i(3). Suppose -30*y + 33*y = n. What is the highest common factor of y and 24?
24
Suppose n = 3, -441 + 129 = -4*p + 4*n. Calculate the highest common factor of p and 297.
27
Suppose 100 = t + 5*s - 19, -566 = -4*t - 2*s. Calculate the greatest common factor of 24 and t.
24
Let y(p) = 51*p**2 + 70*p - 422. Let x be y(7). Calculate the highest common factor of x and 17.
17
Suppose 5*y - 4*q = 30, -2*q = -5*y + 69 - 29. Suppose 258 = 5*m - 4*i, 51 = 2*m + 5*i - 39. Calculate the greatest common divisor of y and m.
10
Let p(c) be the third derivative of 0*c + 1/30*c**5 + 0 - 1/6*c**3 - 3*c**2 + 1/8*c**4. Let i be p(-4). What is the highest common factor of 133 and i?
19
Suppose -2*d + 26 = 4*z, -10 = 2*d + 3*d - 5*z. Let w be 2/(-6) + 4/d. Calculate the highest common factor of w and 2.
1
Suppose -52 = -3*u + 116. Let s = -59 + 143. Calculate the greatest common divisor of s and u.
28
Let s(o) = 2*o**2 - 4*o - 3. Let f be s(6). Let t = -60 - -90. Calculate the highest common factor of f and t.
15
Let s(y) = 13*y + 3. Let g be s(2). Suppose 2*k - g + 9 = 0. Let u be (-3 + 99 - -4)/2. What is the highest common divisor of k and u?
10
Suppose -5*z - 4*z - 270 = 0. Let m = z + 41. Suppose -9*b + 4*b + 165 = 0. What is the highest common divisor of m and b?
11
Let r be 0*(-1)/3 - -17. Let n = -9 + r. Let d be (-798)/(-33) - (-10)/(-55). What is the greatest common factor of d and n?
8
Let d be ((-10)/(-8))/(2/8). Let x be 9/(-189)*6 + (-352)/(-7). What is the greatest common factor of x and d?
5
Suppose 0 = -54*r + 55*r - 33. What is the highest common divisor of r and 11?
11
Let l = 1058 - 455. What is the greatest common factor of l and 134?
67
Let r be -2*(4/10 - (-341)/110). Let m(h) = -h**3 - 9*h**2 - 13*h + 19. Let s be m(r). What is the greatest common factor of 3 and s?
3
Let k(f) = -3*f**3 + 32*f**2 - 14*f - 10. Let y be k(10). Calculate the highest common factor of y and 100.
50
Let h(c) be the second derivative of 5*c**3/6 - 23*c**2 - 23*c. Let y be h(19). What is the highest common factor of 7 and y?
7
Suppose -82 = -5*h - 4*x, 2*h = -x + 5*x + 44. Let v be (2 - 1)*7*6. Calculate the greatest common divisor of h and v.
6
Suppose -42 + 117 = 5*y. Let j be (-150)/(-10)*1*-1. Let w = 21 + j. Calculate the highest common factor of y and w.
3
Let k be 4/(33/9 - 3). Calculate the highest common divisor of 360 and k.
6
Suppose 0 = 8*h - 4*h + 8. Let o(m) = -6*m - 4*m**3 - 5*m + 6*m - 3 + 3*m - 2*m**2. Let l be o(h). Calculate the highest common divisor of 75 and l.
25
Let q = 103 - 23. Calculate the greatest common divisor of q and 64.
16
Suppose -z = -a - 98, -2*a + 0*a = z - 98. Suppose z = 79*r - 77*r. What is the highest common divisor of 7 and r?
7
Suppose 0 = 3*q - l + 1 - 48, 0 = q - 5*l - 39. Let h(s) = s**3 + 3*s**2 - 30*s - 12. Let r be h(-7). Calculate the greatest common divisor of q and r.
2
Suppose 4*g + 3*n - 1223 = 0, -9*n + 4*n = 5*g - 1530. What is the greatest common divisor of g and 5?
5
Let n = -653 + 649. Suppose 3*z + 2*z = 3*v - 95, 0 = 5*z + 3*v + 65. Let l be -3*(z/(-6) + n). What is the greatest common factor of 32 and l?
4
Let v(k) = 8 + k**2 - 10 + 2*k + 9*k**3 + 0*k**2. Let s be v(-3). Let g = s - -377. What is the greatest common divisor of g and 54?
27
Let k be (-6)/(-21) - (-2)/(-7). Suppose -4*f + 4*p = -212, -f + 73 = -k*f - 5*p. Suppose 5*w - 13 = 17. Calculate the highest common factor of f and w.
6
Suppose 2*t + 2*t = -4*v - 344, 4*t - 2*v + 362 = 0. Let z = -78 - t. Let n = -136 + 235. What is the highest common factor of n and z?
11
Let z = -25 + 61. Let g(k) = -1001*k + 2010. Let v be g(2). Calculate the greatest common factor of z and v.
4
Suppose 0 = -12*t - 2*t + 168. What is the highest common factor of 8 and t?
4
Suppose -31*b - 4230 = -25*b. Let t = -246 - b. Calculate the highest common factor of t and 51.
51
Let a(q) = 10*q + 1. Let w be a(2). Let h = -13 + w. Suppose k = -4*x + 8, 0 = k + 2*x - 6*x - 16. What is the greatest common divisor of h and k?
4
Let i = 75 + -51. Let z(y) = -4*y**2 - 301*y + 244. Let r be z(-76). What is the highest common divisor of r and i?
8
Let g = -5534 - -5662. Let v(p) = -p**2 + 1. Let w be v(1). Suppose w*q = 2*q - 32. What is the highest common divisor of g and q?
16
Let t(s) = s**2 + 5*s + 24. Let z be t(-7). Suppose 0 = -4*b + 283 + 325. What is the highest common factor of z and b?
38
Suppose 45 = 7*o - 95. What is the greatest common factor of o and 490?
10
Let i(q) = -q**3 + q**2 + 5*q + 4. Let j be i(-3). Let w = 105 + -56. Let g be 3/6*(w + 1). What is the highest common divisor of g and j?
25
Let c(f) = -7*f - 2. Let w be c(-2). Let j(g) = 3*g + 62. Let t be j(-18). What is the highest common factor of w and t?
4
Let r(y) = -y**2 + 4*y + 7. Let f be r(3). Let 